{"id":89,"date":"2020-01-23T00:13:38","date_gmt":"2020-01-23T00:13:38","guid":{"rendered":"http:\/\/neu.bodoheye.de\/?page_id=89"},"modified":"2020-01-24T16:52:00","modified_gmt":"2020-01-24T16:52:00","slug":"vita","status":"publish","type":"page","link":"https:\/\/bodoheye.de\/?page_id=89","title":{"rendered":"\u00fcber mich"},"content":{"rendered":"\n<p>Ich bin Bodo Heye, Inneneinrichter mit Leib und Seele, immer schon. Seit meiner Kindheit zieht es mich an die Orte, an denen eine Metamorphose stattfindet: Wo aus kahlen Grundst\u00fccken oder aus gesichtslosen, leeren R\u00e4umen gerade ein Zuhause geformt wird.<\/p>\n\n\n\n<p>Als meine Eltern im M\u00fcnchner Viertel Gr\u00fcnwald ein Haus errichten lie\u00dfen, kannte ich als neunj\u00e4hriger nachmittags nach der Schule nur ein Ziel: Die Baustelle. Stundenlang studierte ich die Zeichnungen der Architekten und malte mir aus, wie das fertige Haus aussehen w\u00fcrde &#8211; von au\u00dfen und besonders von innen.<br>Das n\u00e4chste Bauprojekt meiner Eltern, diesmal bereits in Hamburg-Othmarschen, begleitete ich direkt nach dem Abitur bereits selbst \u2013 w\u00e4hrend eines Praktikums beim ausf\u00fchrenden Planungsb\u00fcro.<\/p>\n\n\n\n<p>Es folgten eine Ausbildung zum <strong>Polsterer<\/strong> und das mit Auszeichnung abgeschlossene <strong>Studium von Interior Design<\/strong> in New York. Anschlie\u00dfend entwarf ich Wohnkonzepte beim Z\u00fcrcher Inneneinrichter \u201eSch\u00f6ner Wohnen\u201c, der sich unter anderem auf die <strong>Ausstattung von Ferienimmobilien im Tessin, St. Moritz und S\u00fcdfrankreich<\/strong> spezialisiert hatte.<\/p>\n\n\n\n<p>In einer <strong>New Yorker Galerie<\/strong> eignete ich mir anschlie\u00dfend die&nbsp; Technik der professionellen Bilderrahmung an, bevor ich an der M\u00fcnchner Blocherer Schule noch ein <strong>Studium f\u00fcr Kommunikationsdesigns &amp; Innenarchitektur<\/strong> absolvierte.<\/p>\n\n\n\n<p>Seit 1991 bin ich <strong>selbstst\u00e4ndiger Inneneinrichter<\/strong>, 1993 er\u00f6ffnete ich mein erstes Gesch\u00e4ft in Hamburg-Othmarschen, vier Jahre sp\u00e4ter ein eigenes Atelier im Hamburger Westen.<\/p>\n\n\n\n<p>Seit 2011 habe ich mit meinem Ladengesch\u00e4ft nun meine Heimat in Hamburg-Nienstedten &#8211; und kann mit Stolz sagen, dass <strong>Bodo Heye Inneneinrichtung<\/strong> zwischen Hamburg und M\u00fcnchen gro\u00dfes Renommee genie\u00dft.<\/p>\n","protected":false},"excerpt":{"rendered":"<p>Ich bin Bodo Heye, Inneneinrichter mit Leib und Seele, immer schon. Seit meiner Kindheit zieht es mich an die Orte, an denen eine Metamorphose stattfindet: Wo aus kahlen Grundst\u00fccken oder aus gesichtslosen, leeren R\u00e4umen gerade ein Zuhause geformt wird. Als meine Eltern im M\u00fcnchner Viertel Gr\u00fcnwald ein Haus errichten lie\u00dfen, kannte ich als neunj\u00e4hriger nachmittags &hellip; <\/p>\n<p class=\"link-more\"><a href=\"https:\/\/bodoheye.de\/?page_id=89\" class=\"more-link\"><span class=\"screen-reader-text\">\u201e\u00fcber mich\u201c <\/span>weiterlesen<\/a><\/p>\n","protected":false},"author":1,"featured_media":0,"parent":0,"menu_order":0,"comment_status":"closed","ping_status":"closed","template":"","meta":{"footnotes":""},"class_list":["post-89","page","type-page","status-publish","hentry"],"_links":{"self":[{"href":"https:\/\/bodoheye.de\/index.php?rest_route=\/wp\/v2\/pages\/89","targetHints":{"allow":["GET"]}}],"collection":[{"href":"https:\/\/bodoheye.de\/index.php?rest_route=\/wp\/v2\/pages"}],"about":[{"href":"https:\/\/bodoheye.de\/index.php?rest_route=\/wp\/v2\/types\/page"}],"author":[{"embeddable":true,"href":"https:\/\/bodoheye.de\/index.php?rest_route=\/wp\/v2\/users\/1"}],"replies":[{"embeddable":true,"href":"https:\/\/bodoheye.de\/index.php?rest_route=%2Fwp%2Fv2%2Fcomments&post=89"}],"version-history":[{"count":8,"href":"https:\/\/bodoheye.de\/index.php?rest_route=\/wp\/v2\/pages\/89\/revisions"}],"predecessor-version":[{"id":222,"href":"https:\/\/bodoheye.de\/index.php?rest_route=\/wp\/v2\/pages\/89\/revisions\/222"}],"wp:attachment":[{"href":"https:\/\/bodoheye.de\/index.php?rest_route=%2Fwp%2Fv2%2Fmedia&parent=89"}],"curies":[{"name":"wp","href":"https:\/\/api.w.org\/{rel}","templated":true}]}}

über mich

<p>Ich bin Bodo Heye, Inneneinrichter mit Leib und Seele, immer schon. Seit meiner Kindheit zieht es mich an die Orte, an denen eine Metamorphose stattfindet: Wo aus kahlen Grundstücken oder aus gesichtslosen, leeren Räumen gerade ein Zuhause geformt wird.</p>



<p>Als meine Eltern im Münchner Viertel Grünwald ein Haus errichten ließen, kannte ich als neunjähriger nachmittags nach der Schule nur ein Ziel: Die Baustelle. Stundenlang studierte ich die Zeichnungen der Architekten und malte mir aus, wie das fertige Haus aussehen würde &#8211; von außen und besonders von innen.<br>Das nächste Bauprojekt meiner Eltern, diesmal bereits in Hamburg-Othmarschen, begleitete ich direkt nach dem Abitur bereits selbst – während eines Praktikums beim ausführenden Planungsbüro.</p>



<p>Es folgten eine Ausbildung zum <strong>Polsterer</strong> und das mit Auszeichnung abgeschlossene <strong>Studium von Interior Design</strong> in New York. Anschließend entwarf ich Wohnkonzepte beim Zürcher Inneneinrichter „Schöner Wohnen“, der sich unter anderem auf die <strong>Ausstattung von Ferienimmobilien im Tessin, St. Moritz und Südfrankreich</strong> spezialisiert hatte.</p>



<p>In einer <strong>New Yorker Galerie</strong> eignete ich mir anschließend die&nbsp; Technik der professionellen Bilderrahmung an, bevor ich an der Münchner Blocherer Schule noch ein <strong>Studium für Kommunikationsdesigns &amp; Innenarchitektur</strong> absolvierte.</p>



<p>Seit 1991 bin ich <strong>selbstständiger Inneneinrichter</strong>, 1993 eröffnete ich mein erstes Geschäft in Hamburg-Othmarschen, vier Jahre später ein eigenes Atelier im Hamburger Westen.</p>



<p>Seit 2011 habe ich mit meinem Ladengeschäft nun meine Heimat in Hamburg-Nienstedten &#8211; und kann mit Stolz sagen, dass <strong>Bodo Heye Inneneinrichtung</strong> zwischen Hamburg und München großes Renommee genießt.</p>

<p>Ich bin Bodo Heye, Inneneinrichter mit Leib und Seele, immer schon. Seit meiner Kindheit zieht es mich an die Orte, an denen eine Metamorphose stattfindet: Wo aus kahlen Grundstücken oder aus gesichtslosen, leeren Räumen gerade ein Zuhause geformt wird. Als meine Eltern im Münchner Viertel Grünwald ein Haus errichten ließen, kannte ich als neunjähriger nachmittags &hellip; </p>
<p class="link-more"><a href="https://bodoheye.de/?page_id=89" class="more-link"><span class="screen-reader-text">„über mich“ </span>weiterlesen</a></p>
