{"id":87,"date":"2020-01-23T00:13:07","date_gmt":"2020-01-23T00:13:07","guid":{"rendered":"http:\/\/neu.bodoheye.de\/?page_id=87"},"modified":"2020-01-24T00:35:53","modified_gmt":"2020-01-24T00:35:53","slug":"stoffe","status":"publish","type":"page","link":"https:\/\/bodoheye.de\/?page_id=87","title":{"rendered":"Der Stoff&#8230;"},"content":{"rendered":"\n<p><strong>&#8230;aus dem Tr\u00e4ume sind<\/strong><\/p>\n\n\n\n<p>Ein neuer Bezug f\u00fcr das Sofa, ein paar Kissen in v\u00f6llig neuen Farben \u2013 das kann die Welt ver\u00e4ndern, Ihre h\u00f6chstpers\u00f6nliche Welt zuhause.<br>Stoffe sind mein Metier, Stoffe sind meine Leidenschaft. Ihre Muster, ihre Materialien, ihre Haptik \u2013 immer wieder anders, immer wieder faszinierend.<br>Ein guter Stoff ist ein Erlebnis f\u00fcr die Sinne.<\/p>\n\n\n\n<p>4500 verschiedene Qualit\u00e4ten finden Sie in meinem Gesch\u00e4ft im Herzen von Nienstedten. Das ist einzigartig in Hamburg. Unendlich viele Farben, fantastische Webmuster, oft unvergleichliche Handarbeit.<br>Opulent, raffiniert, voller reizvoller Kontraste oder bet\u00f6rend dezent.<br>Meisterst\u00fccke.<br>Aus den besten Manufakturen der Welt, aus den Kollektionen exklusiver Marken:<\/p>\n\n\n\n<p><a rel=\"noreferrer noopener\" aria-label=\"Brunschwig&amp;Fils (\u00f6ffnet in neuem Tab)\" href=\"https:\/\/www.gpjbaker.com\/brands\/brunschwig-fils\/\" target=\"_blank\">Brunschwig&amp;Fils<\/a>, <a rel=\"noreferrer noopener\" aria-label=\"Baker (\u00f6ffnet in neuem Tab)\" href=\"https:\/\/www.gpjbaker.com\/\" target=\"_blank\">Baker<\/a>, <a rel=\"noreferrer noopener\" aria-label=\"Bennison (\u00f6ffnet in neuem Tab)\" href=\"http:\/\/www.bennisonfabrics.com\/\" target=\"_blank\">Bennison<\/a>, <a rel=\"noreferrer noopener\" aria-label=\"Colefax and Fowler (\u00f6ffnet in neuem Tab)\" href=\"https:\/\/www.colefax.com\/\" target=\"_blank\">Colefax and Fowler<\/a>, <a rel=\"noreferrer noopener\" aria-label=\"Jane Churchill (\u00f6ffnet in neuem Tab)\" href=\"https:\/\/www.janechurchill.com\/\" target=\"_blank\">Jane Churchill<\/a>, <a rel=\"noreferrer noopener\" aria-label=\"Decortex (\u00f6ffnet in neuem Tab)\" href=\"https:\/\/www.decortex.com\/\" target=\"_blank\">Decortex<\/a>, <a rel=\"noreferrer noopener\" aria-label=\"Dedar (\u00f6ffnet in neuem Tab)\" href=\"https:\/\/dedar.com\/de\/\" target=\"_blank\">Dedar<\/a>, <a rel=\"noreferrer noopener\" aria-label=\"Etamine (\u00f6ffnet in neuem Tab)\" href=\"https:\/\/www.zimmer-rohde.com\/de\/zr\/marken\/etamine\/\" target=\"_blank\">Etamine<\/a>, <a rel=\"noreferrer noopener\" aria-label=\"Elitis (\u00f6ffnet in neuem Tab)\" href=\"http:\/\/www.elitis.fr\/de\/fabric\/\" target=\"_blank\">Elitis<\/a>, <a rel=\"noreferrer noopener\" aria-label=\"Pierre Frey (\u00f6ffnet in neuem Tab)\" href=\"https:\/\/www.pierrefrey.com\/fr\/\" target=\"_blank\">Pierre Frey<\/a>, <a rel=\"noreferrer noopener\" aria-label=\"Christian Fischbacher (\u00f6ffnet in neuem Tab)\" href=\"https:\/\/www.fischbacher.com\/de\/\" target=\"_blank\">Christian Fischbacher<\/a>, <a rel=\"noreferrer noopener\" aria-label=\"Houles (\u00f6ffnet in neuem Tab)\" href=\"https:\/\/www.houles.com\/DE-de\/fabrics\" target=\"_blank\">Houles<\/a>, <a rel=\"noreferrer noopener\" aria-label=\"Hesslein (\u00f6ffnet in neuem Tab)\" href=\"https:\/\/wunschgardine.de\/katalog\/SAHCO\" target=\"_blank\">Hesslein<\/a>, <a rel=\"noreferrer noopener\" aria-label=\"Hodsoll McKenzie (\u00f6ffnet in neuem Tab)\" href=\"https:\/\/www.zimmer-rohde.com\/de\/zr\/marken\/hodsoll-mckenzie\/\" target=\"_blank\">Hodsoll McKenzie<\/a>, <a rel=\"noreferrer noopener\" aria-label=\"JAB (\u00f6ffnet in neuem Tab)\" href=\"https:\/\/www.jab.de\/de\/de\/content\/jab-anstoetz-group-productworld-fabrics\" target=\"_blank\">JAB<\/a>, <a rel=\"noreferrer noopener\" aria-label=\"Nobilis-Fontan (\u00f6ffnet in neuem Tab)\" href=\"https:\/\/nobilis.fr\/de\/\" target=\"_blank\">Nobilis-Fontan<\/a>, <a rel=\"noreferrer noopener\" aria-label=\"Zimmer+Rohde (\u00f6ffnet in neuem Tab)\" href=\"https:\/\/www.zimmer-rohde.com\/de\/zr\/kollektionen\/stoffe\/\" target=\"_blank\">Zimmer+Rohde<\/a>, <a rel=\"noreferrer noopener\" aria-label=\"Bielefelder Werkst\u00e4tten (\u00f6ffnet in neuem Tab)\" href=\"https:\/\/bielefelder-werkstaetten.jab.de\/us\/de\/brand\/bielefelder-werkstaetten\" target=\"_blank\">Bielefelder Werkst\u00e4tten<\/a>, <a rel=\"noreferrer noopener\" aria-label=\"Duresta (\u00f6ffnet in neuem Tab)\" href=\"https:\/\/www.duresta.com\/our-stockists\/visit-the-showroom\/\" target=\"_blank\">Duresta<\/a> &amp; <a rel=\"noreferrer noopener\" aria-label=\"Maries Corner (\u00f6ffnet in neuem Tab)\" href=\"https:\/\/www.mariescorner.com\/collections\/fabrics\/\" target=\"_blank\">Maries Corner<\/a> und viele mehr\u2026<\/p>\n\n\n\n<figure class=\"wp-block-image\"><img decoding=\"async\" src=\"http:\/\/bodoheye.de\/images\/firmenlogos.gif\" alt=\"\"\/><\/figure>\n","protected":false},"excerpt":{"rendered":"<p>&#8230;aus dem Tr\u00e4ume sind Ein neuer Bezug f\u00fcr das Sofa, ein paar Kissen in v\u00f6llig neuen Farben \u2013 das kann die Welt ver\u00e4ndern, Ihre h\u00f6chstpers\u00f6nliche Welt zuhause.Stoffe sind mein Metier, Stoffe sind meine Leidenschaft. Ihre Muster, ihre Materialien, ihre Haptik \u2013 immer wieder anders, immer wieder faszinierend.Ein guter Stoff ist ein Erlebnis f\u00fcr die Sinne. &hellip; <\/p>\n<p class=\"link-more\"><a href=\"https:\/\/bodoheye.de\/?page_id=87\" class=\"more-link\"><span class=\"screen-reader-text\">\u201eDer Stoff&#8230;\u201c <\/span>weiterlesen<\/a><\/p>\n","protected":false},"author":1,"featured_media":91,"parent":0,"menu_order":0,"comment_status":"closed","ping_status":"closed","template":"","meta":{"footnotes":""},"class_list":["post-87","page","type-page","status-publish","has-post-thumbnail","hentry"],"_links":{"self":[{"href":"https:\/\/bodoheye.de\/index.php?rest_route=\/wp\/v2\/pages\/87","targetHints":{"allow":["GET"]}}],"collection":[{"href":"https:\/\/bodoheye.de\/index.php?rest_route=\/wp\/v2\/pages"}],"about":[{"href":"https:\/\/bodoheye.de\/index.php?rest_route=\/wp\/v2\/types\/page"}],"author":[{"embeddable":true,"href":"https:\/\/bodoheye.de\/index.php?rest_route=\/wp\/v2\/users\/1"}],"replies":[{"embeddable":true,"href":"https:\/\/bodoheye.de\/index.php?rest_route=%2Fwp%2Fv2%2Fcomments&post=87"}],"version-history":[{"count":7,"href":"https:\/\/bodoheye.de\/index.php?rest_route=\/wp\/v2\/pages\/87\/revisions"}],"predecessor-version":[{"id":208,"href":"https:\/\/bodoheye.de\/index.php?rest_route=\/wp\/v2\/pages\/87\/revisions\/208"}],"wp:featuredmedia":[{"embeddable":true,"href":"https:\/\/bodoheye.de\/index.php?rest_route=\/wp\/v2\/media\/91"}],"wp:attachment":[{"href":"https:\/\/bodoheye.de\/index.php?rest_route=%2Fwp%2Fv2%2Fmedia&parent=87"}],"curies":[{"name":"wp","href":"https:\/\/api.w.org\/{rel}","templated":true}]}}