{"id":78,"date":"2020-01-22T23:59:46","date_gmt":"2020-01-22T23:59:46","guid":{"rendered":"http:\/\/neu.bodoheye.de\/?page_id=78"},"modified":"2020-01-24T00:40:10","modified_gmt":"2020-01-24T00:40:10","slug":"zuhause","status":"publish","type":"page","link":"https:\/\/bodoheye.de\/","title":{"rendered":"Zuhause"},"content":{"rendered":"\n<p>Der Ort, an dem man sich\nwillkommen f\u00fchlt. Weil er Pers\u00f6nlichkeit hat, W\u00e4rme, Stil. Weil er einem nah\nist wie kein anderer Ort dieser Welt. So sollte es sein \u2013 unser Zuhause.<\/p>\n\n\n\n<p>Das Zuhause ist unser wichtigster Lebensraum. Man \u00fcberlegt sich gut, was man hineinstellt, mit welchen Farben man sich umgeben m\u00f6chte. Wie das eigene Zuhause aussehen, sich anf\u00fchlen, riechen sollte. Jeder einzelne unserer R\u00e4ume verdient das. Wir verdienen es. <\/p>\n\n\n\n<p>Farben, M\u00f6bel, Accessoires und vor allem auch die Stoffe, mit denen wir leben, werden automatisch zu Mitbewohnern \u2013 und die sollte man sich gut aussuchen. <\/p>\n\n\n\n<p>Ich helfe Ihnen gerne, die sch\u00f6nsten St\u00fccke zu finden, die richtigen T\u00f6ne zu treffen. Gegenst\u00e4nde, die zu Ihnen und Ihrer Pers\u00f6nlichkeit passen. In deren Gesellschaft Sie sich absolut wohlf\u00fchlen. Die so besonders sind wie Sie selbst. <\/p>\n\n\n\n<p>Damit habe ich Erfahrung. Seit\n25 Jahren berate ich meine Kunden beim Einrichten ihrer H\u00e4user und Wohnungen. Treffsicher,\nmit konsequenter Planung, intelligenten Entw\u00fcrfen \u2013 und mit viel Geschmack und\nStil. <\/p>\n\n\n\n<blockquote class=\"wp-block-quote is-layout-flow wp-block-quote-is-layout-flow\"><p>Ich habe einen ganz einfachen Geschmack: Ich bin immer mit dem Besten zufrieden.<\/p><cite>Oscar Wilde<\/cite><\/blockquote>\n\n\n\n<p>Halten Sie es doch einfach \u00e4hnlich und kommen Sie vorbei: Zum St\u00f6bern, Schauen, Suchen und Finden. Freuen Sie sich auf handverlesene M\u00f6bel, Leuchten, Teppiche, Accessoires, Stoffe aus einzigartigen, renommierten Kollektionen.<br>In au\u00dfergew\u00f6hnlicher Qualit\u00e4t und Vielfalt. <\/p>\n","protected":false},"excerpt":{"rendered":"<p>Der Ort, an dem man sich willkommen f\u00fchlt. Weil er Pers\u00f6nlichkeit hat, W\u00e4rme, Stil. Weil er einem nah ist wie kein anderer Ort dieser Welt. So sollte es sein \u2013 unser Zuhause. Das Zuhause ist unser wichtigster Lebensraum. Man \u00fcberlegt sich gut, was man hineinstellt, mit welchen Farben man sich umgeben m\u00f6chte. Wie das eigene &hellip; <\/p>\n<p class=\"link-more\"><a href=\"https:\/\/bodoheye.de\/\" class=\"more-link\"><span class=\"screen-reader-text\">\u201eZuhause\u201c <\/span>weiterlesen<\/a><\/p>\n","protected":false},"author":1,"featured_media":0,"parent":0,"menu_order":0,"comment_status":"closed","ping_status":"closed","template":"","meta":{"footnotes":""},"class_list":["post-78","page","type-page","status-publish","hentry"],"_links":{"self":[{"href":"https:\/\/bodoheye.de\/index.php?rest_route=\/wp\/v2\/pages\/78","targetHints":{"allow":["GET"]}}],"collection":[{"href":"https:\/\/bodoheye.de\/index.php?rest_route=\/wp\/v2\/pages"}],"about":[{"href":"https:\/\/bodoheye.de\/index.php?rest_route=\/wp\/v2\/types\/page"}],"author":[{"embeddable":true,"href":"https:\/\/bodoheye.de\/index.php?rest_route=\/wp\/v2\/users\/1"}],"replies":[{"embeddable":true,"href":"https:\/\/bodoheye.de\/index.php?rest_route=%2Fwp%2Fv2%2Fcomments&post=78"}],"version-history":[{"count":2,"href":"https:\/\/bodoheye.de\/index.php?rest_route=\/wp\/v2\/pages\/78\/revisions"}],"predecessor-version":[{"id":209,"href":"https:\/\/bodoheye.de\/index.php?rest_route=\/wp\/v2\/pages\/78\/revisions\/209"}],"wp:attachment":[{"href":"https:\/\/bodoheye.de\/index.php?rest_route=%2Fwp%2Fv2%2Fmedia&parent=78"}],"curies":[{"name":"wp","href":"https:\/\/api.w.org\/{rel}","templated":true}]}}